{"id":3614,"date":"2015-07-29T07:08:34","date_gmt":"2015-07-29T07:08:34","guid":{"rendered":"http:\/\/demo.acoda.com\/dynamix\/?page_id=3614"},"modified":"2023-01-31T22:18:11","modified_gmt":"2023-01-31T22:18:11","slug":"custom-shop-page","status":"publish","type":"page","link":"https:\/\/christophervonmammen.de\/?page_id=3614","title":{"rendered":"Shop"},"content":{"rendered":"<p>Hier finden&nbsp;Sie unsere aktuellen Angebote.<\/p>\n<p>Den Zustand der Instrumente, Details zum Zubeh\u00f6r und den Preis &nbsp;entnehmen Sie bitte der Beschreibung, alle Preise inkl. Mehrwertsteuer.<\/p>\n<p>Bei Interesse schreiben Sie uns bitte eine Nachricht oder rufen Sie uns an! Vielen Dank.<\/p>\n<p><strong>YAMAHA YAS 280 Altsaxophon, aktuelles Modell, inkl.Zubeh\u00f6r (Reedguard, 3 Bl\u00e4tter, hochwertiges Wischerset f\u00fcr Korpus und S-Bogen, Gurt), 1 Jahr Service, <\/strong><\/p>\n<p><strong>1099,00 \u20ac&nbsp;<\/strong><\/p>\n<p style=\"text-align: center;\"><span style=\"color: #6592bf;\"><strong>S\u00e4mtliches Zubeh\u00f6r kann kurzfristig auf Anfrage bestellt und geliefert werden. Fragen Sie nach einem unverbindlichen Angebot!<\/strong><\/span><\/p>\n","protected":false},"excerpt":{"rendered":"<p>Hier finden&nbsp;Sie unsere aktuellen Angebote. Den Zustand der Instrumente, Details zum Zubeh\u00f6r und den Preis &nbsp;entnehmen Sie bitte der Beschreibung, alle Preise inkl. Mehrwertsteuer. Bei Interesse schreiben Sie uns bitte eine Nachricht oder rufen Sie uns an! Vielen Dank. YAMAHA YAS 280 Altsaxophon, aktuelles Modell, inkl.Zubeh\u00f6r (Reedguard, 3 Bl\u00e4tter, hochwertiges Wischerset f\u00fcr Korpus und S-Bogen, Gurt), 1 Jahr Service, 1099,00 \u20ac&nbsp; S\u00e4mtliches Zubeh\u00f6r kann kurzfristig auf Anfrage bestellt und geliefert werden. Fragen Sie nach einem unverbindlichen Angebot!<\/p>\n","protected":false},"author":1,"featured_media":4983,"parent":0,"menu_order":0,"comment_status":"closed","ping_status":"closed","template":"","meta":{"footnotes":""},"class_list":["post-3614","page","type-page","status-publish","has-post-thumbnail","hentry"],"_links":{"self":[{"href":"https:\/\/christophervonmammen.de\/index.php?rest_route=\/wp\/v2\/pages\/3614","targetHints":{"allow":["GET"]}}],"collection":[{"href":"https:\/\/christophervonmammen.de\/index.php?rest_route=\/wp\/v2\/pages"}],"about":[{"href":"https:\/\/christophervonmammen.de\/index.php?rest_route=\/wp\/v2\/types\/page"}],"author":[{"embeddable":true,"href":"https:\/\/christophervonmammen.de\/index.php?rest_route=\/wp\/v2\/users\/1"}],"replies":[{"embeddable":true,"href":"https:\/\/christophervonmammen.de\/index.php?rest_route=%2Fwp%2Fv2%2Fcomments&post=3614"}],"version-history":[{"count":64,"href":"https:\/\/christophervonmammen.de\/index.php?rest_route=\/wp\/v2\/pages\/3614\/revisions"}],"predecessor-version":[{"id":6221,"href":"https:\/\/christophervonmammen.de\/index.php?rest_route=\/wp\/v2\/pages\/3614\/revisions\/6221"}],"wp:featuredmedia":[{"embeddable":true,"href":"https:\/\/christophervonmammen.de\/index.php?rest_route=\/wp\/v2\/media\/4983"}],"wp:attachment":[{"href":"https:\/\/christophervonmammen.de\/index.php?rest_route=%2Fwp%2Fv2%2Fmedia&parent=3614"}],"curies":[{"name":"wp","href":"https:\/\/api.w.org\/{rel}","templated":true}]}}